pose -7*i - 2*i - 90 = 0. What is k(i)?
1
Let k(z) be the second derivative of z**3/6 - 2*z**2 - 6*z. Let l = -18 + 18. Suppose 3*b - 4 = 5*j + 2*b, j + b - 4 = l. Determine k(j).
-4
Let p(u) be the first derivative of -u**3 - 7*u**2 + 7*u - 41. What is p(-5)?
2
Let b(l) = 2*l**3 - 1 - 12 - 2*l + 9 - 11*l**2 - 3*l**3 - 9. Calculate b(-11).
9
Suppose -64 = 18*m + 41 + 3. Let d(o) = 2*o - 13. Let z(h) = 5*h - 26. Let a(k) = -7*d(k) + 3*z(k). Determine a(m).
7
Let i(d) = d**2 + 8*d + 1. Let o be (-4 - 5)/((-1)/1). Suppose 15 = -5*h, -3*h = p - o + 3. Let a be -3*20/p + -3. What is i(a)?
-6
Let c(l) be the second derivative of -2*l**3 - l**2/2 - 8*l + 5. What is c(-5)?
59
Let d(c) be the first derivative of -c**4/4 + 4*c**3/3 + 4*c**2 + c + 106. Calculate d(6).
-23
Let g(i) = -8*i + 6. Let t(q) = 7*q - 5. Let o(p) = -5*g(p) - 6*t(p). Let x(d) = 3*d - 3*d + 4*d - 3*d. Let j(b) = -2*o(b) - 5*x(b). What is j(0)?
0
Let w(n) be the second derivative of -n**5/20 + 5*n**4/12 + 2*n**3/3 + 7*n**2 - 305*n. Give w(6).
2
Let z(b) be the third derivative of b**5/60 - 25*b**4/24 - 25*b**3/6 + 8*b**2 + 2*b. What is z(26)?
1
Let r(m) = m + 3. Let n(v) = v - 1. Let l(s) = -4*n(s) - r(s). Let t be 14/(-4) - (-6)/4. Calculate l(t).
11
Let x(i) = 5*i - 10*i + 5*i**2 + 4*i + 3*i**2 + 3*i. Give x(-2).
28
Let h(i) = -3*i**2 - i + 1. Let q = 52 - 64. Let b be (-6)/4 + ((-270)/q)/9. What is h(b)?
-3
Let m(k) = -k**2 + 3*k + 1. Suppose 2*c = -2*h + 3*c - 24, -26 = h + 3*c. Let j = h - -18. Suppose -1 = u - j. Give m(u).
1
Let q = -1 + 4. Let o = q + -2. Let j(k) = k**3 + 4*k**2 - 3*k - 9. Let p(t) = -t**3 - 2*t**2 + 2*t + 4. Let h(y) = -j(y) - 2*p(y). What is h(o)?
1
Let h = 7 - 5. Let q(w) = -8*w**2 - w**3 + 2 + h + 2 - 5 - 8*w. Let g be q(-7). Let o(j) = -j**3 + 9*j**2 - 8*j - 6. Determine o(g).
-6
Let m(t) = -t**3 - t**2 + t. Let d be (320/(-25) - -4) + (-8)/(-10). Let p be (4/d)/((-2)/(-4)). What is m(p)?
-1
Let l(a) be the second derivative of a**5/10 - a**4/12 - a**3/3 - 433*a. What is l(-2)?
-16
Let l(u) be the second derivative of u**5/20 + 5*u**4/12 + u**3/6 - 7*u**2/2 + u. Let h = 555 - 560. Give l(h).
-12
Let q(n) = 2*n + 1. Suppose -h + 1 = 3, 66 = 3*m - 3*h. Suppose 48*v - m = 52*v. Calculate q(v).
-9
Let p(a) = -2*a - 2 - 2 + 3. Suppose -5*d + 46683 - 46698 = 0. Calculate p(d).
5
Let u(l) = -9*l**2. Let g(b) = b**2 - 10*b + 8. Let t(m) = -6*m**2 + 51*m - 40. Let w(x) = -11*g(x) - 2*t(x). Let n be w(-9). Give u(n).
-9
Let k(w) = 3*w**2 + 3*w + 9. Let p(h) = -10*h**2 - 14*h - 28. Let o(i) = -7*k(i) - 2*p(i). Calculate o(5).
3
Let g(j) = -j + 4. Let y(v) be the first derivative of -v**4/4 + 5*v**3/3 - 7*v**2/2 + 9*v - 5. Let m be y(4). What is g(m)?
7
Suppose -5*f - 180 = 5*k, -5*k + 0*f - 3*f = 178. Let s = -35 - k. Let g(q) = -q + 2. Determine g(s).
2
Let q(u) = u**2 - 9*u + 9. Let v = -53 - -53. Let n(k) = 2*k**2 - k + 6. Let y be n(v). Calculate q(y).
-9
Let w(r) = -r - 3. Let s(v) = 2*v + 5. Let h(f) = 2*s(f) + 5*w(f). Suppose -23 = -14*l - 23. Calculate h(l).
-5
Suppose 12 = -2*p + 6*p. Suppose -1 - 5 = p*w, -w = 5*g - 8. Let a(m) = m**2 - m - 2. Let d be a(g). Let y(x) = -x + 5. Determine y(d).
5
Suppose -4*l = -3*j - 8, 5*l - j + 13 = 34. Let h(a) be the second derivative of -a**3/6 + 3*a**2 + 16*a. Calculate h(l).
1
Let i(v) = -4*v**2 - 17*v**3 + 0*v + 3*v**2 + v + 19*v**3. Suppose g = 2*b, -6*g = 5*b - 3*g - 11. Determine i(b).
2
Let i(n) = n**2 + 6*n + 6. Let b be (22/(-6))/(2/(-36)). Suppose 5*u + b = -89. Let o = u - -25. Calculate i(o).
6
Let o be 150/(-9) + (-2)/(-3). Let s be 5*(o/5 - -3). Let w(c) = 2*c. Give w(s).
-2
Let u(x) = -3 - 3 + 4*x - 3 - 2. Let v be u(3). Let b(m) = -m**2. Determine b(v).
-1
Let r(z) = 5*z + 5. Let n = 143 + -148. What is r(n)?
-20
Let u(m) = -m + 1. Let n be -2 - 1 - (0 - (23 + -4)). Let t be (-21)/(-4) - n/64. What is u(t)?
-4
Let p be ((-72)/(-10) - 6) + 1/(-5). Let x(u) = -5*u**3 - u**2 + u. What is x(p)?
-5
Let r = -4 + 2. Let h(f) be the first derivative of 0*f + 0*f**2 - 2/3*f**3 + 13. Calculate h(r).
-8
Let p(w) = -5*w - 2*w**2 - w + 2 + 8*w. Let h(n) = -n**3 + 2*n**2 - 8*n - 9. Let k be h(-1). Calculate p(k).
-2
Let i(s) be the third derivative of -s**5/60 + s**4/2 - 9*s**3/2 + 4*s**2. Let k be i(10). Let p(g) = g + 7. Determine p(k).
0
Suppose 0*w = -4*w. Suppose -7*c - 18 - 17 = w. Let v(s) be the first derivative of -s**4/4 - 2*s**3 - 2*s**2 - 2*s + 2. Calculate v(c).
-7
Let v = -1/299 + 305/1794. Let w(m) be the second derivative of 0*m**2 - v*m**4 + 4*m + 1/20*m**5 + 0 - 1/6*m**3. Give w(2).
-2
Let u(f) be the second derivative of 0 - f**2 - 1/20*f**5 + 1/6*f**3 - 31*f + 1/4*f**4. Determine u(2).
4
Let f(z) = 11*z + 1. Let a(i) = -4*i. Let b(w) = -17*a(w) - 6*f(w). Suppose -6 = -3*l + l. Suppose 2*m = 5*g, 6*m - l*m = 4*g + 7. Calculate b(m).
4
Let i = -384 + 388. Let l(y) be the third derivative of 0*y + 0 + 6*y**2 - 1/6*y**i + 1/6*y**3. What is l(-2)?
9
Let u(m) = -m - 2. Suppose -2*z = 2*b - 88, -4*z - 6*b + b = -181. Let q = -37 + z. Calculate u(q).
-4
Let p(a) = -a**2 + 34*a - 33. Let j be p(33). Suppose -b = 3*b. Let g(o) = o - 7 - o + o**2 + o + b*o. What is g(j)?
-7
Let c(o) = 0*o**2 + 1 - 9*o**2 - 2*o**2 + o. Suppose 3*z = 8 + 4. Suppose 4*l + 0*l = 2*t - 14, z*t - 20 = 0. Give c(l).
-11
Let f(c) = -c**3 + 2*c**2 + 4*c - 2. Let h(o) = 16*o + 83. Let t be h(-5). What is f(t)?
1
Let j(v) = -v**2 + 12*v - 7. Let m be j(10). Suppose 4*k - m - 11 = 0. Suppose k = -a - 2. Let n(t) = t**3 + 7*t**2 - 9*t - 1. What is n(a)?
7
Suppose u - 2*u + 2*l = -13, -5 = 5*u + 4*l. Suppose 140 = -5*s - 2*b, -u*b - b = 0. Let f be s/(-14) + (-6)/(-2). Let i(q) = 3*q - 3. Determine i(f).
12
Let n(t) = 3*t + 39. Let f be n(-12). Let p(u) = 12*u + f*u - 9*u + 5 + u**2 + 0. What is p(-5)?
0
Let t(v) be the third derivative of -2/3*v**3 + 0*v + 1/24*v**4 - 17*v**2 + 0. Determine t(5).
1
Let c(l) = -l. Let v be 24/20*10/6. Let a be (-5)/v*36/(-15). Determine c(a).
-6
Let v = -52 - -47. Let r(p) be the third derivative of -p**7/5040 - p**6/360 - p**5/30 - p**2. Let n(x) be the third derivative of r(x). What is n(v)?
3
Let z(a) = -a**3 - a**2 + a - 8. Suppose 4*g + 19 - 7 = 0. Let n be (-4)/6 - (-1)/g*-2. Determine z(n).
-8
Let q be (75/(-30))/((-5)/4). Suppose -q*f - 4*s = -12, f - 3 = -3*s + 5. Suppose f*d - 7*d - 15 = 0. Let u(k) = k**3 + 4*k**2 + 2*k + 1. Determine u(d).
4
Let i be (-21)/(-14) - (-1)/2. Let o be (2/(-3))/(i/6). Let x be (2 + 1 + o)*-1. Let p(f) = 11*f. What is p(x)?
-11
Let x(i) be the third derivative of -i**4/12 + 2*i**3/3 + 2*i**2 + 2*i. Let y be (-3 - (0 + -2))*-6. Give x(y).
-8
Let b = 6 + -3. Let m = -158 + 160. Let w(t) = 0 - 4*t + 3 - 2 - b*t**m. Calculate w(-3).
-14
Let m(j) = -2*j - 1. Let d(p) = 7. Let t(f) = d(f) + 2*m(f). Give t(7).
-23
Let m(j) = 2*j + 6. Suppose -4*z - 2 - 6 = -2*i, z = -2*i + 3. Let q(r) = r + 6. Let n(a) = i*m(a) - 3*q(a). Calculate n(3).
-3
Let r(m) = 0*m - 4*m - 3*m + 9*m - 3*m. Let h be 282/(-24)*-8*1. Let x be (-4)/18 + h/18. Calculate r(x).
-5
Let r(d) = d - 6. Suppose 0 = -y + 5*k + 2 + 2, 0 = -y + 2*k + 4. What is r(y)?
-2
Suppose 4*d = 3*r - 214, -2*d - 8 = -6*d. Let q(x) = 39*x - r*x - 13 + 34*x. Determine q(-7).
-6
Let c(n) = -15*n**2. Suppose 0 = -2*j - 3*y - 3, 0 = -3*j - 4*y + 2*y - 7. Let l be (j - -2)/(1 + 0). Determine c(l).
-15
Suppose 53*m = 30*m - 276. Let g(j) = j**3 + 12*j**2 - 5*j - 6. Give g(m).
54
Let w(p) = 23*p**3 + 4*p**2 + 8*p. Let r(m) = -42*m**3 - 8*m**2 - 15*m. Let s(f) = 6*r(f) + 11*w(f). What is s(4)?
-8
Let w(u) be the second derivative of -3*u**2 + 0 - u + 2/3*u**3. Give w(4).
10
Suppose -3*m + 2*m - 34 = -3*o, -2*m + 53 = 5*o. Let r(c) = c - 6. Let a(y) = -2*y + 12. Let n(v) = -2*a(v) - 5*r(v). Calculate n(o).
-5
Let g(n) = -63*n + 1 + 40*n + 27*n. Give g(1).
5
Let o(t) = -3*t + 9. Let z(f) = 3*f - 9. Let q(w) = 5*o(w) + 4*z(w). Determine q(-6).
27
Let n(y) = 3*y**3 + y**2 - y. Let v be n(1). Suppose 0 = v*j - j. Let d(i) = 4*i - 15*i - 5*i**2 - 10 + 6*i**2 + 10*i. Determine d(j).
-10
Suppose -5*g = -803 + 33. Suppose 0 = g*q - 150*q. Let s(b) = -b - 8. Calculate s(q).
-8
Let g(p) be the first derivative of -p**2 - 3*p + 3. Let r be 7/(-2) + 90/60. What is g(r)?
1
Suppose 1 + 7 = 2*t + w, -3*t + 4*w = -23. Suppose -14 = -8*p + 10. 